he greatest common divisor of 546 and p.
26
Let g(l) = -l + 3. Suppose i = 5*n - i + 51, 15 = -n + 2*i. Let c be g(n). Suppose 0*w = 2*w - 16. Calculate the highest common divisor of c and w.
4
Let l = 14 - -38. Suppose 3*r + 13 = l. Calculate the greatest common divisor of r and 26.
13
Let v be (4*6/(-36))/((-2)/24). Let n be (0 - 2)*(0 - 1). Let m be (-1)/(-1) - (-2)/n. What is the greatest common factor of m and v?
2
Let g be (-2 - 1*-62) + 0. Suppose -136*k = -142*k + 900. What is the greatest common factor of g and k?
30
Let a(u) = -u - 1. Let n be a(-4). Let t be ((-3)/4)/(-6 + 299/52). What is the greatest common divisor of t and n?
3
Let m be ((-7)/((-84)/20))/(4/624). Calculate the highest common factor of 208 and m.
52
Suppose -16*b + 11*b = -2720. What is the highest common divisor of 34 and b?
34
Suppose -2*s + 298 = -4*o, -5*o = 2*s - 401 + 85. Suppose -3*g - 2*m = -159, -57*m + 54*m + 213 = 4*g. What is the highest common factor of s and g?
51
Suppose 4*l + 5*i - 574 = 0, 2*i - 4 = -5*l + 705. What is the highest common factor of 1034 and l?
47
Suppose -350 - 90 = -4*c. Let q = -98 - -99. Let y be -1 + 20 - (q/1 - 4). Calculate the highest common factor of y and c.
22
Let u(v) = -2*v**2 - 40*v - 20. Suppose 5*r + 75 = 5*z, -r + 0*z - 35 = 4*z. Let t be u(r). What is the highest common factor of t and 162?
18
Let n be (12 + 2 + -3)*1. Suppose 3*q - 589 = z - 6*z, -461 = -4*z + q. Let l = z + -61. What is the highest common factor of l and n?
11
Let m(b) = 392*b**3 - 8*b**2 + 10*b - 3. Let w be m(1). Calculate the highest common divisor of 115 and w.
23
Let g = -36 - -52. Let u be 156/g + (-1)/(-4). Suppose 206*d - 208*d = -8. Calculate the highest common factor of u and d.
2
Suppose 0 = 2*u - 5*u - 3*c + 24, 0 = 3*u - 2*c - 39. Let a = 195 + -118. Calculate the highest common factor of a and u.
11
Suppose -6*v + 1308 = -372. Let b(j) = 2*j**2 - 9*j + 5. Let c be b(7). What is the greatest common factor of v and c?
40
Suppose 3*n + 0*n + 6 = 0. Let r(v) = -4*v**2 + 1. Let h be r(n). Let z be h*1/5*-4. Calculate the greatest common divisor of 30 and z.
6
Suppose 0*l - 20 = 5*l. Let b be -5 + l/(-1) - -11. Let y be (-1)/3 + 16/3. Calculate the highest common factor of y and b.
5
Let l = 91 - 49. What is the greatest common factor of 224 and l?
14
Let d be ((-3 + 1)/(-2))/(9/36). What is the greatest common divisor of d and 108?
4
Let t = 792 + -722. Calculate the highest common divisor of 1330 and t.
70
Let b(j) = 3*j**3 + 11*j**2 - 5. Let v be b(-3). What is the greatest common divisor of v and 52?
13
Suppose 242 = 4*h + 5*c, 4*h + 5*c + 199 = 7*h. Let p be (h/21)/((-6)/(-22)). Calculate the highest common factor of p and 11.
11
Let k(x) = -4*x + x**2 - 17 + 17. Let m be k(5). Suppose 5*v - 752 = y, m*v - 760 = -y + 6*y. What is the greatest common factor of 30 and v?
30
Let f(j) = -j**2 - 6*j + 3. Let x be f(-6). Suppose 4*k - 14 + 37 = c, -c = 4*k + 17. Suppose -3*o + c = -6. What is the highest common factor of o and x?
3
Suppose 4*g - 8*g = -y + 46, 4*y = 3*g + 145. Calculate the highest common factor of 34 and y.
34
Suppose 4*v - 2*h = 299 + 33, 4*v + h - 320 = 0. What is the greatest common divisor of 3159 and v?
81
Suppose -2*j - 4*k = -252, -4*j + k - 66 = -543. What is the highest common divisor of j and 48?
24
Let b(q) = -3*q**2 - 26*q - 34. Let r be b(-4). Let t(c) = 2*c**2 - 3*c + 2. Let k be t(4). Calculate the greatest common divisor of r and k.
22
Suppose 11*u + 2*u = 4160. What is the highest common factor of u and 10?
10
Suppose 8*k = 671 - 15. What is the greatest common divisor of k and 246?
82
Let z be 5/30 - 385/(-30). Let d be (z/(-3) + 1)/(1/(-3)). Let j = -117 - -197. Calculate the highest common factor of d and j.
10
Let o(i) = i**3 + i**2 - i + 11. Let c be o(0). Let m = c + 2. Let l = m + -1. What is the greatest common factor of l and 8?
4
Let j = 0 - 1. Let c = 3 + j. Let k be 0/(-1) - (0 - 16). What is the greatest common factor of c and k?
2
Suppose 2*o - 5 - 5 = 4*l, -3*o + 13 = -5*l. Let b be (6 - (-35)/(-7))/(l/(-24)). Calculate the greatest common divisor of b and 108.
12
Suppose 4*c - 5*b - 1634 - 3248 = 0, 0 = -3*c + 4*b + 3662. Calculate the greatest common divisor of 84 and c.
42
Let q = -39 - -31. Let w = q + 32. Suppose -w*l + 27*l - 36 = 0. Calculate the highest common divisor of 48 and l.
12
Suppose -7*f - 3*f = -6240. Calculate the greatest common divisor of f and 48.
48
Let q = 897 + -887. Suppose 314 = 4*n - 46. Calculate the highest common divisor of n and q.
10
Suppose -5 - 1 = 3*q, -5*v + 12 = 4*q. Suppose 2*g - 3 = -u - 3*g, v*u = 5*g + 62. What is the greatest common factor of u and 13?
13
Let b(c) = 7*c**2 - 65*c + 75. Let k be b(9). What is the highest common factor of 1311 and k?
57
Let b be 1800/168 - (-2)/7. What is the greatest common divisor of 297 and b?
11
Let y be ((-8)/(-24))/((-1)/(-24)). Let w(g) = -g**2 + 6*g + 21. Let m be w(y). What is the highest common divisor of m and 20?
5
Let p(v) = v**3 + 35*v**2 + v + 83. Let o be p(-35). Calculate the greatest common divisor of o and 120.
24
Let y = 32 - 28. Suppose y*o + 42 - 122 = 0. Let x be 276/14 + (-16)/(-56). What is the greatest common factor of o and x?
20
Suppose f + 0*f = -20. Let s be ((0 + -82)/(-2))/((-1)/(-1)). Let y be (-8)/f*(s + -1). Calculate the greatest common divisor of y and 64.
16
Let z(j) = 2*j**2 + 8*j - 7. Let k be z(-5). Suppose 5*r - 21 = o, -2*r + k*o + 11 = -0*o. Calculate the highest common divisor of 6 and r.
2
Let p = -205 + 285. Suppose 3*r - 19 - 25 = -2*z, z + 5*r = 36. Calculate the highest common factor of p and z.
16
Let y = 63 + -41. Calculate the highest common divisor of y and 99.
11
Suppose -2*a + 4*a + 2 = 0, 5*x = 4*a + 49. What is the highest common divisor of x and 144?
9
Let f(u) = 99*u**2 + 1. Suppose 3*i + 4*p = 29, 0 = -i + 2*p + 23. Suppose 4 = 11*w - i*w. Let y be f(w). Calculate the greatest common divisor of 40 and y.
20
Let j(c) = -c**2 + 11*c - 16. Let v = 17 + -10. Let a be j(v). Calculate the greatest common factor of 60 and a.
12
Let y = -40 + 46. Suppose -2*k + y*k = 484. Calculate the highest common factor of k and 11.
11
Let t = 222 - 123. Suppose d = -2*d + t. Calculate the highest common divisor of 11 and d.
11
Suppose -6*f - 127 = -175. Let h = -42 - -13. Let x be (h + -1)/(f/(-12)). Calculate the highest common factor of 30 and x.
15
Suppose 5*v = -d - 14, -4*v + d = -d. Let c be (3/4)/(v/(-8)). Suppose c*g - 18 = 18. What is the greatest common divisor of 60 and g?
12
Let x be (-100)/(-75)*(-8*1 + -1). Let w be (-2)/x + ((-119)/6)/(-7). Let o be 2/((-4)/(-14)) - -2. Calculate the greatest common factor of o and w.
3
Let r(u) = 10*u + 4. Let c be r(5). Let n(i) = 51*i - 2616. Let p be n(52). Calculate the highest common divisor of c and p.
18
Suppose 25 = -5*x + 120. Suppose 0 = 4*q - 2*q - 8. Suppose 0 = -c + 34 + q. Calculate the greatest common divisor of c and x.
19
Let a be (1/9)/((-6)/(-36))*24. Suppose -w = -a + 1. Calculate the greatest common factor of w and 3.
3
Let y be (236 - 1)/(190/76). Let t(w) = 17*w + 1. Let s be t(-3). Let x = y + s. Calculate the highest common divisor of 22 and x.
22
Let h be -71 - -81 - (-6)/(-2). Suppose 3*g - 125 = -20. Calculate the highest common divisor of h and g.
7
Let m = 1027 - 700. What is the highest common factor of 3 and m?
3
Let u(t) = 3*t**2 + 2*t**3 - 3 - 7 + 3 - 3*t**3 + 7*t. Suppose 10 = 4*g - 6. Let o be u(g). Calculate the highest common divisor of 55 and o.
5
Suppose 5*v = 2*l - 3480, -l + 2*v = -1134 - 606. What is the greatest common divisor of 60 and l?
60
Suppose -2*j - 4*o = -1546, -12 = -33*o + 30*o. What is the highest common divisor of j and 170?
85
Let k be 10*((-42)/15 + -2). Let z be 6 + -10 + k/(-3). Calculate the highest common divisor of 8 and z.
4
Let w be (-298)/(-25) - (-12)/150. What is the greatest common factor of w and 372?
12
Suppose -4*b = -6*a + a + 6228, 5*a - 6237 = b. Calculate the greatest common factor of a and 96.
96
Let b(g) = 2*g**2 + 4*g - 124. Let t be b(-10). What is the highest common divisor of t and 24?
12
Let x be -2*(-2 - 2/4). Let h = -454 - -596. Suppose -x*f = 4*u - 60 - h, -u + 40 = f. What is the greatest common factor of f and 63?
21
Let y be (10 + 72